9 + (-8 - (-5 + (-8 - (-12 - -10) - 51))).
45
Calculate 54 + -50 + 6 + (3 - 7 - 1 - -5).
10
Evaluate 5 + (-4 - (27 - 10)) + 58.
42
Evaluate (2 - -2) + (56 - 75) + 73 + -1.
57
What is 3 + -4 + 14 + 38 + (23 - 43)?
31
What is the value of 7 + (0 + (2 - 1) - (-4144 - -4251))?
-99
Calculate 3 + (19 - (17 + -43)) - 20.
28
-14 + -2 + (114 - (36 + -13))
75
What is (107 - 64 - -27) + (3 - (-4 + 21))?
56
What is the value of (-14 - -7 - (5 - -23)) + 7 + -11 + 6?
-33
126 - 0 - (-17 + 73)
70
Calculate 18 - 32 - (-6 + 15 + 1 + -11).
-13
35 + 2 + 9 - 32
14
Evaluate 26 - (-12 + 51 + -4).
-9
Calculate -53 - -54 - 1 - -25.
25
What is the value of (26 - 3) + (1 - -1) - (-681 - -678)?
28
What is the value of 4 + (2 - (8 + -16 - -19))?
-5
Evaluate 400 - 422 - ((-5 - (5 - -7)) + 3).
-8
27 + (60 - (95 - 50)) + -5 + -2 + -3
32
Evaluate -46 + (0 - 1) - (15 + 36 - 89 - -28).
-37
What is the value of -3 + 2 - 3 - (-2053 + 2069)?
-20
-7 + (-35 - -48) + (1 - (6 - -2))
-1
What is the value of (1 + -13 - ((67 - 114) + 40)) + -35 + 0?
-40
Calculate (24 - -16) + (-21 - 7).
12
What is 219 + -305 + -30 + 35?
-81
Calculate -28 - (41 - (130 - 46)).
15
What is the value of (-1 - -55 - 25) + -67?
-38
-8 + (-96 - -17) + 54
-33
What is -11 - ((-4 - -1) + 18) - (1 - -14)?
-41
Calculate -41 - (-107 + 12 + 38).
16
Calculate -4 + (-99 + 97 - (4 - 49)).
39
Calculate 35 + 126 - 23 - -20 - 29.
129
What is the value of -11 - (2 - (40 - (10 + 5 + (-6 - -1))))?
17
What is -174 - -150 - (-50 + 0 + 4)?
22
4 - -8 - (-10 - 0 - -9 - -13)
0
-6 - (-6 + -57 - (0 - -3))
60
Calculate 32 - (1 + 0) - (3 - -44 - (63 + -6)).
41
-27 + 35 + 0 + 32
40
(-16 + 28 - 6) + (-8 + 6 - 8)
-4
What is the value of 60 - (37 - (34 + -107))?
-50
Evaluate (1 - 0) + (4 + -8 - 5) + -16 + -19.
-43
What is the value of 8 + (0 + -94 - (-357 + 360)) - -2?
-87
What is -18 + 5 + 4 + 67 - (-6 + (5 - -13))?
46
What is (-13 - (66 + -91)) + 1 + -36?
-23
Evaluate -74 + -134 + 54 + 135.
-19
What is 4 - (4 - 10) - (11 + (32 - -12))?
-45
Evaluate 96 - (-37 + 77 - -4).
52
Calculate 7 + -14 + -5 + 24 - (-3 - -53 - 4).
-34
-11 + (-76 - -37 - -17) + (10 - 4)
-27
What is the value of 0 + 34 + (-3093 - -3178)?
119
What is 93 - -1 - (35 - 107 - -104)?
62
What is the value of 1 + 90 - (4235 + -4197)?
53
Evaluate -11 - (-65 - (-4 - (15 - -6))).
29
-35 + 12 + -10 + 252 + -310
-91
Calculate (43 + -2 - 45) + -18 + -4.
-26
Calculate 42 - (0 - 7 - -24 - 23).
48
(-4 + (-12 - -36) - ((3 - 7) + -4)) + 10
38
Evaluate (13 - 3) + -7 + -14 + 10 + -46 - 8.
-55
(-12 + 2 - (10 + -42 - -23)) + 29 + -12
16
Calculate 38 + -13 + 1 - (27 + 0).
-1
Evaluate (-4 - (26 - -2)) + (31 - (0 + 18) - 6).
-25
What is the value of -17 - -16 - -21 - (6 - 1)?
15
What is the value of -20 + (1870 + -1741 - (2 - 0))?
107
What is the value of -62 - (-137 - 69) - (0 + 23)?
121
Evaluate (12 - -36) + 38 - 46.
40
What is the value of (12 - 19) + -7 + -34 + -8 - 5?
-61
What is the value of 12 + (104 - (-47 - -83 - (10 - -4)))?
94
What is the value of -4 + 3 - 6 - (-36 - -44)?
-15
What is the value of 40 - (25 - 19) - -17?
51
475 - 452 - (7 - 7 - -19)
4
Calculate 563 + -447 + (-38 - -4).
82
Evaluate -34 + (10 - 68) - (25 - 59).
-58
What is (105 - 21) + 349 + -371?
62
What is -9 - (1 - 23 - -1 - -19)?
-7
Evaluate -57 - ((0 - 0) + 6 - (-109 + -84 + 203)).
-53
Evaluate 17 + 1 + 43 + (-107 - -108).
62
What is -7 + (11 - 0 - (46 - (37 + -49)))?
-54
What is (25 - (-4 - (18 - 18))) + -52?
-23
What is (2 - -18) + (-10 - -19) - (15 - 8)?
22
What is 4 - (-70 + 19 - (-24 - 1))?
30
12 + -68 - -57 - -9
10
Evaluate -19 + 10 - (0 + 105 + 176 + -191).
-99
Calculate 2 - 117 - -230 - 19.
96
Calculate 1 + (6 - (3 - 3) - 0) - (-21 - 22).
50
Evaluate 7 + -18 - (-39 + -68 + -14).
110
-111 + (-40 - (-28 + (-31 - -29)))
-121
Calculate 90 + -237 + 222 - (0 - 1 - (-1 + 12)).
87
Evaluate 1258 - 1302 - (-2 - 99).
57
-10 - -140 - (79 - 1)
52
What is the value of -60 + 86 - (115 + -9 + -27)?
-53
Calculate (-7 - (3 + (-42 - -18))) + 10.
24
Calculate 4 + 110 + -1446 + 1369.
37
(3 - 2 - 9) + (0 + 119 - (-659 + 709))
61
What is the value of 79 + 1 - (7249 - 7130)?
-39
What is 101 - 139 - (-1 - 10)?
-27
Evaluate (-3 - -75) + -52 + 11.
31
What is -79 - (-81 - -42 - 14)?
-26
What is (55 - 40 - 25) + -10 + 2?
-18
Calculate -100 - -44 - -92 - 128.
-92
What is the value of 14 - 4 - (18 + (32 - (-33 - -30)))?
-43
17 - 21 - ((4 - (10 - 4)) + -5)
3
10 - (-12 - (-13 + 13 - 9)) - 13
0
What is -20 - 2 - (-89 + 49) - -18?
36
Evaluate 0 + 41 + -504 + 485 + -61.
-39
-5 - (335 - 328 - (-2 + -2 + 19))
3
0 + (39 + -92 - -43)
-10
(-1 + 5 - 23) + 14 - -13
8
Calculate 103 - 7 - 2 - (15 + -18 + -3 + 14).
86
What is the value of -16 + -30 + 36 - (17 - 11)?
-16
-309 - -328 - (-8 + 2)
25
Calculate 5 + -56 + -20 + 5 + 6 - (-5 + 2).
-57
What is -200 - -151 - (-103 - 19)?
73
What is the value of 17 + (62 - 129) + -1?
-51
What is -6 + (-7 - -30) + -28 - 1?
-12
2 - -47 - ((9 - -10) + -10 - 7)
47
Calculate 5 + 5 + 310 + -291.
29
(-22 + 1 - 14) + (13 + -14 - 0)
-36
Calculate (4 - 9) + 14 - ((-40 - 0) + (65 - 66)).
50
Calculate 15 + -53 + 32 + -34 + -6.
-46
Evaluate (138 - 126) + 2 + 0 + 2 - (2 + 4).
10
What is -9 + (-5 + 12 + -3 - (5 - 6 - 2))?
-2
What is the value of 51 - (1 + 1) - (35 + -34 + 7) - 9?
32
Calculate 64 + -36 + 38 - 43.
23
0 - (18 - (8 - (13 - 6)))
-17
Calculate -5 - ((-5 + 22 + -3 - 5) + (-5 - 6)).
-3
What is -167 + 62 - -129 - (0 - -40)?
-16
What is -3 + 0 + 26 + 58 + -36 + -57 + 5?
-7
Evaluate 4 + (455 - 444) + (1 - 60).
-44
Calculate 235 - (243 + -72) - (-6 - -1).
69
Calculate 200 + -181 - (0 - 26).
45
What is -4 + 25 + 128 + -96 - 16?
37
What is the value of -9 + -23 - -102 - 168?
-98
What is the value of -47 - (-100 + 139) - -98?
12
-133 + (157 - (-184 + 98))
110
32 - 102 - -34 - -37
1
Evaluate 1 + (-6 - (3 + -2)) + -7150 + 7095.
-61
Calculate 6 - (99 - (25 + 78)).
10
What is the value of -82 - -39 - -26 - 44?
-61
What is the value of 5 + -17 + (8 - (-6 - (-9 - (0 + -3))))?
-4
Evaluate (2 + 35 - (495 + -498)) + -139.
-99
What is 6 - 0 - (41 - (-6 + 30) - 5)?
-6
What is -110 + 190 + -135 - (2 + -1 + -11 + 1)?
-46
Evaluate (8 - (22 + -10 + 10)) + (-32 - 37).
-83
What is the value of 11 + (-15 - -5) + -6 + (-9 - -2)?
-12
What is -9 + -1 + -140 + 173?
23
What is the value of 20 - (5 + -14) - (-367 + 478)?
-82
What is the value of 6 - 58 - (408 + -439)?
-21
What is the value of -2 - (-74 + 51) - (-8 - (0 + 35))?
64
Evaluate 1 + -74 - (-34 + 22 + 9 + 10).
-80
Evaluate (9 - 16 - -11) + (-7 - 1) + -8.
-12
Calculate (-10 - -7 - 20) + 66 + -28 + -45 + -1.
-31
Evaluate 1 + 2 + -12 + (-8 - -8) + 22.
13
What is 49 + -11 + (21 - 8) + (-6 - 2) + -6?
37
What is 0 + 0 - 3 - (19 - (-109 + 88 + -59))?
-102
Evaluate (-460 - -457) + (50 - (3 - 5) - 3).
46
Calculate (-11 + 42 + -29 - -14) + 1 + -8.
9
What is 27 - (-29 + (-3 - -73))?
-14
Evaluate (-7 - (-4 + -4)) + -1 + -18 + 84 + -22.
44
139 + -120 + -81 + 2 + 26
-34
Evaluate -22 - -9 - (-7 + 18 - 25).
1
Calculate -5 + 1 + 0 + -8 + 11 + -48.
-49
36 - ((14 + -10 - 4) + -12 - -21)
27
Evaluate (-1 - -1) + (1 - -42) + (-12926 - -12919).
36
What is the value of 6 - (-31 + -3) - 83?
-43
What is -9 - -160 - 155 - -81?
77
28 + -6 - (-972 - -1078)
-84
What is -45 + 56 + -36 + 23?
-2
What is the value of (19 - (-14 + 5 - -7)) + -3 + -6?
12
What is the value of 198 - 160 - (1 + (1 - 1) + -8)?
45
Calculate -5 + -48 + 1301 + -1332.
-84
What is -40 + 53 + (0 - 3) - (111 - 193)?
92
-13 - (-5 - -2 - (6 - 2 - 8)) - 80
-94
-45 + (-6 - 2) - (-6 + (8 - (26 - 30)))
-59
What is 5 + -10 - (0 - 7 - (1 + -9) - 13)?
7
-143 - (-149 - -91) - (-1 + -26)
-58
(-3 - 42) + (-25 - (-41 - (-16 - 7)))
-52
What is the value of (-6 - (-12 - (9 + -4 - 6))) + 14 + 0?
19
What is 38 + -11 + (-39 - -40 - 10)?
18
What is -57 + 27 + 54 + (-3 - 67)?
-46
-43 - (-59 + -56) - (-5 + 4 - -15)
58
(-22 - (11 + -30)) + (-8 - 1) + (-10 - -36)
14
What is the value of 24 + -61 - (-6 - (-2 + -1))?
-34
What is (-64 - -122) + -48 + (21 - 0)?
31
Calculate 8 + -6 + (1 - -22) - (-20 + 190 + -177).
32
-48 + 59 + 73 - 51
33
67 - ((8 - 37) + 41)
55
What is -31 + 13 + 10 - (2 - (3 + -12))?
-19
What is 94 - (15 + 5 + -12 + 2) - -7?
91
What is the value of -7 + -40 + (35 - -3)?
-9
Calculate 13 - (-5 - (-14 - -10 - 82 - -14)).
-54
Evaluate 0 - -26 - (-2905 + 2925).
6
W